What are the prime factors of h?
2, 7, 353
Suppose 5*y = -42 + 37. Let d be ((-10)/(-2))/5 - y. Suppose -2*t = s - 397, -2*t = 2*t - d*s - 790. List the prime factors of t.
2, 3, 11
Suppose 49199 = 4*t + 5*a, t = -5*a + 10174 + 2152. List the prime factors of t.
3, 17, 241
Let u(j) = 65 + 39 - 6*j - 28. List the prime factors of u(-29).
2, 5
Suppose 0 = -5*u - 4*d + 5565 + 40866, -2*d = -8. What are the prime factors of u?
9283
Suppose 579*a - 48015 = 568*a. List the prime factors of a.
3, 5, 97
Let i(p) = 2*p**3 - 107*p**2 + 54*p - 24. What are the prime factors of i(57)?
3, 8599
Let j = -132 + 136. Suppose 0 = j*f - 120 - 1568. What are the prime factors of f?
2, 211
Suppose 962 = 3*m - 1075. Suppose 5*s = 5*p - m - 36, 5*s = p - 143. Let o = p + -47. List the prime factors of o.
2, 3
List the prime factors of 13101 + ((8/7)/(-2) - 68/28).
2, 3, 37, 59
Let d(w) = 39*w + 312. Let j(k) = 3*k + 24. Let r(y) = -2*d(y) + 27*j(y). Let o be r(-9). What are the prime factors of 5 + 218 + o + 8?
2, 3, 19
Suppose 249240 = 10*r + 12*r - 76052. List the prime factors of r.
2, 7393
Let g(f) = -2*f + 10. Let d be g(5). Let w be ((-6)/4)/(42/(-13552)). Suppose d = 5*t - t - w. List the prime factors of t.
11
Suppose -225*k - 684 = -222*k. Let q = k + 334. List the prime factors of q.
2, 53
Suppose -51480 + 126433 + 816404 = 79*g. List the prime factors of g.
3, 3761
Let i = -564 + 345. Let q = 223 + i. List the prime factors of q.
2
Let v be (-28)/49 + 12/21. Suppose -3*l + 137 = g, -3*g - g - 5*l + 534 = v. What are the prime factors of g?
131
Suppose 0 = 5*b + 3*w - 0*w - 59, -4*b - w + 50 = 0. Let s(v) be the first derivative of v**3/3 - 9*v**2/2 + 24*v - 10. List the prime factors of s(b).
2, 19
Let f(g) = -4*g**3 - 3*g + 13. Let n be f(-5). Suppose i - 2*k - 458 = 0, -4*i - 3*k + 2404 = n. What are the prime factors of i?
2, 233
Let c = 3804 + -1202. List the prime factors of c.
2, 1301
Let m(o) = 36*o + 12*o**2 - 9*o**2 - 4*o**2 + 74. What are the prime factors of m(31)?
229
Let g(y) = -1241*y - 126. Let m be g(-17). Suppose 17*d = 1554 + m. List the prime factors of d.
5, 53
Let u(k) = 3*k**3 - k**2 + 13*k - 8. Let a be u(-5). Let l = a - -1718. What are the prime factors of l?
3, 5, 83
Let t be (18/(-8))/1 - 15/20. What are the prime factors of (2740/15 - -2)*t/(-2)?
277
Let x(y) = -y**3 - y**2 + 27*y + 4. Let a be x(0). What are the prime factors of (2446/8 + 7)*a?
3, 139
Let y(r) = -r**2 + 7*r + 10. Suppose 4*t = 2*f, -4*t + 2*t + 8 = 0. Let u be y(f). Suppose 6*g - 170 = -2*x + 4*g, -u*g = -4. List the prime factors of x.
83
Suppose -n - 2*k + 8 - 84 = 0, 5*n + 392 = 2*k. Let c be 7/((-3)/n - 0). Suppose 0 = 3*r + 11 - c. What are the prime factors of r?
3, 19
Suppose -1420342 = -118*l + 5132552. What are the prime factors of l?
3, 107, 173
Let v be 1 + -1 - (152 + 0). Let x = -168 + 160. Let a = x - v. What are the prime factors of a?
2, 3
Let y(p) = 20411*p**2 - p. List the prime factors of y(-1).
2, 3, 7
Suppose 394969 + 1000835 = 113*d + 51*d. What are the prime factors of d?
3, 2837
Let n(z) = 24 + 31 + z**2 + z**3 + 14. Suppose 0*r - 5*r = 0. List the prime factors of n(r).
3, 23
Suppose 7*i - 17 = 11. Suppose 0*d + 12 = -i*d. List the prime factors of 11/((-22)/(-483))*(-2)/d.
7, 23
Let k(j) = -j**3 + 22*j**2 + 2*j - 21. Let l be k(21). Let v be ((-4)/(-6))/(44/l). What are the prime factors of (1 - -52)*(v + (-12)/6)?
5, 53
What are the prime factors of ((-53)/(1431/(-37908)))/(-1 - (-7)/6)?
2, 3, 13
List the prime factors of ((1 - 4038) + 3)/(20/(-40)).
2, 2017
Let w = 34702 + 27924. What are the prime factors of w?
2, 173, 181
Let q(b) = b**3 - 6*b**2 + b + 25. Let h be q(5). Suppose -3*l - 1728 = -h*i, -2*i + 2*l = 7*l - 716. List the prime factors of i.
2, 3, 29
Let f(i) = i**3 - 39*i**2 + 59*i - 211. What are the prime factors of f(43)?
2, 4861
Suppose -y + 370*g = 374*g - 4745, g = 4*y - 19031. List the prime factors of y.
67, 71
Suppose 14*r - 150 = -2460. Let a = r + 1359. List the prime factors of a.
2, 3, 199
Let u(l) = l**2 - 2*l - 2. Let s be u(3). Let x(a) = 6*a - 18. Let p(j) = 1. Let v(o) = s*x(o) + 4*p(o). List the prime factors of v(12).
2, 29
Let r(u) = -2*u**3 + 12*u**2 + 16*u + 5. Let v be r(7). Let x(z) = 28*z - 236. What are the prime factors of x(v)?
2, 37
Let g be 1/((-2)/(-4))*96/4. Suppose 5*r = -3*r + g. Suppose -5*t + 68 = r*m - 3*m, -2*t - 19 = -m. List the prime factors of m.
3, 7
Let f(w) = 2*w**3 + 6*w + w - 15*w**2 + 38*w**2 - 1 - w - 9. List the prime factors of f(-11).
3, 5
Let k(i) = i**2 - 18*i - 60. Let c be k(25). Let u = 119 - c. Suppose u*q + q = 770. What are the prime factors of q?
2, 7, 11
Suppose -4*q + 333 = 45. Let z = -1504 - -1509. Let y = z + q. What are the prime factors of y?
7, 11
Let t(c) = c - 7. Let i = 33 + -24. Let m be t(i). What are the prime factors of m + (180/3 - 4)?
2, 29
Suppose -4*p - 94 = 114. Let m = 69 + p. List the prime factors of (2 + 2)/(1/m).
2, 17
Let z be (2 + -3 + 3)/(36/156078). Suppose z = 29*n - 2784. List the prime factors of n.
5, 79
Let n(s) = 42*s + 16. Suppose -6 = q - 2, 0 = c - 3*q - 15. What are the prime factors of n(c)?
2, 71
Let a(t) = -1 + 21*t**2 + 6 - 4 + 1. Let y be a(2). What are the prime factors of y - (6 - (-3 + 6))?
83
Let j(n) = 245*n**3 + 3*n**2 - 7*n + 8. What are the prime factors of j(3)?
7, 947
Let h = -264 - -939. Let s = 185 - 90. Suppose -u + s + 40 = w, -u - h = -5*w. List the prime factors of w.
3, 5
Suppose 22*d = 32*d - 113158 - 40592. What are the prime factors of d?
3, 5, 41
Suppose -31*r = -0*r - 19251. Let z = r + -525. List the prime factors of z.
2, 3
Let s be 102 + -5 - (-1 - 0). Let i = -93 + s. Suppose -4*b - 677 = -3*d, d + i*b = -3*d + 851. What are the prime factors of d?
3, 73
Let y be ((-6)/21)/((-2)/14). Suppose -y*l - 91 = -219. What are the prime factors of l?
2
Suppose 0 = -19*c + 38*c - 57. What are the prime factors of (-36370)/(-38) - (c - (-110)/(-38))?
3, 11, 29
Let p = 15 + -7. Suppose -4*d - 264 = -p*d. Let w = d + -31. What are the prime factors of w?
5, 7
Let j(o) = -2*o**3 - 7*o**2 - 2*o - 2. Suppose -3 + 11 = 2*d. Let l be j(d). Let v = -162 - l. List the prime factors of v.
2, 11
Let s = -80 - -83. Suppose 2*n + 5*i = 621, -3*n + 7*n - s*i - 1203 = 0. What are the prime factors of n?
3, 101
Let u = 46874 - 26482. What are the prime factors of u?
2, 2549
Let a(g) = -2*g**2 - 18*g + 10. Let p be a(-10). Let q be 1/(-3) - (p/3 - -1). Suppose m = q*m + l - 95, -3*l + 475 = 5*m. List the prime factors of m.
5, 19
Let n(j) = 20*j**3 - 3*j**2 + 3*j. Let i be n(2). Let m be -1*1 - (-5 - 65 - 4). Let o = i - m. What are the prime factors of o?
3
Suppose 6*v + 82 = 502. Let y = 75 - v. Suppose 39 = y*p - 481. List the prime factors of p.
2, 13
Let t = 144929 - 84117. What are the prime factors of t?
2, 23, 661
Let i = 3 + 12. Let m be 2817/i - 12/15. Let n = m - -17. What are the prime factors of n?
2, 3, 17
Suppose 0 = -v - 3*s + 962, 5*v - 5*s + 4840 = 10*v. Suppose -3*d - 12*h = -17*h - v, -307 = -d + 5*h. List the prime factors of d.
2, 83
Let p(x) = -414*x + 4175. What are the prime factors of p(6)?
19, 89
Let q(g) = 3*g - 12. Let r(u) = u**3 + 6*u**2 + 4*u - 5. Suppose 5*z + 7 + 13 = 0. Let a be r(z). What are the prime factors of q(a)?
3, 7
Let w(v) = v**3 + 7*v**2 + 11*v + 5. Let h be w(-5). Suppose i - 4 + 10 = h. What are the prime factors of -3 + i/(-2) - -32?
2
Let p(j) = 16*j**3 - 2*j**2 + 5*j + 5. Let s be p(4). Suppose -2*o - 2*i = -616, 543 = 5*o - 5*i - s. What are the prime factors of o?
2, 5, 31
Suppose -9603 = 22*s - 23*s. What are the prime factors of s?
3, 11, 97
Let k be (-2640)/(-18)*(-18)/(-5). Let q = 477 - 119. Let h = k - q. List the prime factors of h.
2, 5, 17
What are the prime factors of (-689230)/(-83) + (-24)/(-996)?
2, 3, 173
What are the prime factors of ((-7)/(63/17166))/((-5)/(450/6))?
2, 5, 2861
Suppose 404*t - 420*t = -528. Suppose -t*l - 7443 = -38*l - q, -5*q = 3*l - 4479. List the prime factors of l.
2, 3, 31
Let g(n) = -n**2 + 13*n + 17. Let w be g(14). Suppose 5*z - 79 = 4*c, 2*c + 21 = w*z - 18. Let o = -19 - c. List the prime factors of o.
2
Suppose 2*u - 14 - 8 = 0. Suppose 2*n - n + 2*h - 472 = 0, -4*n + 1883 = 3*h. Suppose 5*g = u + 14, 5*a - g = n. Lis